hat are the prime factors of 86178789?
3, 89, 35863
What are the prime factors of 33027562?
2, 16513781
List the prime factors of 605218728.
2, 3, 25217447
What are the prime factors of 976113436?
2, 29, 113, 659
What are the prime factors of 239733934?
2, 11, 47, 4933
List the prime factors of 137355651.
3, 181, 84319
List the prime factors of 2376759090.
2, 3, 5, 29, 2731907
List the prime factors of 174923809.
23, 7605383
What are the prime factors of 356273894?
2, 503, 354149
List the prime factors of 1077873.
3, 359291
What are the prime factors of 43886249?
11, 233, 17123
List the prime factors of 83461931.
7, 59, 202087
List the prime factors of 147871702.
2, 11, 823, 8167
List the prime factors of 554931006.
2, 3, 7, 13212643
What are the prime factors of 44195316?
2, 3, 11, 37, 9049
List the prime factors of 2738450238.
2, 3, 1741, 262153
List the prime factors of 286255282.
2, 17, 1889, 4457
List the prime factors of 77408519.
31, 467, 5347
What are the prime factors of 2538982121?
13, 23, 73, 89, 1307
What are the prime factors of 1287572395?
5, 173, 1153, 1291
List the prime factors of 41732833.
23, 43, 42197
List the prime factors of 1780550950.
2, 5, 35611019
What are the prime factors of 2308627025?
5, 37, 2495813
List the prime factors of 3058857539.
277, 11042807
What are the prime factors of 619071226?
2, 6547, 47279
What are the prime factors of 446830849?
1201, 372049
What are the prime factors of 802501159?
41, 19573199
List the prime factors of 5449538923.
157, 4519, 7681
What are the prime factors of 1029932521?
1029932521
What are the prime factors of 813312320?
2, 5, 43, 59107
List the prime factors of 12324336.
2, 3, 256757
List the prime factors of 38019967.
38019967
What are the prime factors of 3664609748?
2, 757, 1210241
List the prime factors of 136933725.
3, 5, 17, 211, 509
What are the prime factors of 21062241?
3, 19, 41057
List the prime factors of 10260819.
3, 1140091
List the prime factors of 57649884.
2, 3, 4804157
List the prime factors of 567210045.
3, 5, 37814003
What are the prime factors of 173997607?
7, 359, 69239
What are the prime factors of 25955773?
31, 837283
What are the prime factors of 132296373?
3, 11, 19, 61, 1153
What are the prime factors of 35638813?
7, 19, 267961
What are the prime factors of 3586167348?
2, 3, 137, 631, 3457
List the prime factors of 224586077.
67, 3352031
List the prime factors of 3217469886.
2, 3, 521, 343087
What are the prime factors of 1988214498?
2, 3, 17, 419, 1723
List the prime factors of 144222014.
2, 72111007
What are the prime factors of 941932528?
2, 29, 103, 19709
What are the prime factors of 93251454?
2, 3, 739, 21031
List the prime factors of 209566974.
2, 3, 1153, 30293
What are the prime factors of 2026352325?
3, 5, 23, 199, 5903
List the prime factors of 4807455932.
2, 34589, 34747
What are the prime factors of 164525428?
2, 41131357
What are the prime factors of 681660111?
3, 11, 79, 373, 701
List the prime factors of 20809945.
5, 13, 320153
List the prime factors of 3633698168.
2, 19, 83, 288023
List the prime factors of 19497478.
2, 7, 11, 13, 9739
What are the prime factors of 4206899858?
2, 7, 19, 883, 17911
What are the prime factors of 39389933?
11, 31, 115513
List the prime factors of 243208506.
2, 3, 691, 58661
List the prime factors of 141280759.
141280759
What are the prime factors of 29845465?
5, 13, 359, 1279
List the prime factors of 163730370.
2, 3, 5, 5457679
List the prime factors of 435981736.
2, 83, 656599
What are the prime factors of 55055609?
7, 43, 317, 577
What are the prime factors of 1193523188?
2, 11, 13, 29, 31, 211
What are the prime factors of 9919866?
2, 3, 11, 150301
List the prime factors of 5714993262.
2, 3, 11, 86590807
What are the prime factors of 567773504?
2, 19, 466919
What are the prime factors of 63001125?
3, 5, 11, 1697
List the prime factors of 1083198988.
2, 270799747
List the prime factors of 98538488.
2, 12317311
What are the prime factors of 14883235?
5, 29, 102643
List the prime factors of 94988022.
2, 3, 23, 83, 8293
What are the prime factors of 62930984?
2, 1847, 4259
List the prime factors of 1450891185.
3, 5, 113, 855983
List the prime factors of 193813877.
659, 294103
List the prime factors of 5306105915.
5, 11, 8770423
What are the prime factors of 53592068?
2, 347, 38611
List the prime factors of 348062795.
5, 23, 3026633
List the prime factors of 68748221.
17, 4044013
List the prime factors of 106414618.
2, 53207309
List the prime factors of 607851918.
2, 3, 11256517
What are the prime factors of 15455804?
2, 7, 13, 42461
List the prime factors of 74319504.
2, 3, 7, 373, 593
What are the prime factors of 4026905254?
2, 2013452627
List the prime factors of 289046774.
2, 43, 78163
List the prime factors of 1494475561.
1494475561
What are the prime factors of 2371922247?
3, 19, 41612671
What are the prime factors of 4321168829?
1489, 1949
List the prime factors of 175220166.
2, 3, 11, 19, 139729
What are the prime factors of 194946884?
2, 11, 4430611
List the prime factors of 1756013148.
2, 3, 16259381
List the prime factors of 375657358.
2, 29, 6476851
What are the prime factors of 225898087?
19, 11889373
List the prime factors of 6712364.
2, 1678091
List the prime factors of 2792782695.
3, 5, 17, 1063, 10303
List the prime factors of 269768094.
2, 3, 79, 83, 6857
What are the prime factors of 1208366994?
2, 3, 43, 601, 7793
List the prime factors of 183032149.
17, 19, 89, 6367
List the prime factors of 278489850.
2, 3, 5, 1856599
What are the prime factors of 15922017?
3, 1769113
List the prime factors of 32857993.
7, 4693999
What are the prime factors of 72148126?
2, 1877, 19219
List the prime factors of 1032396688.
2, 64524793
List the prime factors of 564118503.
3, 13, 2473, 5849
What are the prime factors of 753996413?
631, 1194923
List the prime factors of 3058033873.
443, 1153, 5987
List the prime factors of 9460270.
2, 5, 31, 30517
List the prime factors of 1390202909.
8677, 160217
List the prime factors of 34039727.
53, 101, 6359
What are the prime factors of 79374071?
7, 17, 95287
List the prime factors of 418008809.
113, 3699193
What are the prime factors of 495284161?
241, 2055121
What are the prime factors of 234471574?
2, 4091, 28657
List the prime factors of 795571012.
2, 23, 8647511
What are the prime factors of 43327512?
2, 3, 601771
List the prime factors of 504438371.
504438371
What are the prime factors of 48122723?
11, 4374793
What are the prime factors of 47562380?
2, 5, 2378119
What are the prime factors of 1190937565?
5, 8521, 27953
List the prime factors of 16542679.
79, 209401
List the prime factors of 2185869403.
29, 71, 1061617
What are the prime factors of 5627419645?
5, 17, 6833, 9689
What are the prime factors of 173402059?
173402059
List the prime factors of 8051046437.
7, 1150149491
List the prime factors of 54679089.
3, 17, 63067
List the prime factors of 43043581.
7, 6149083
What are the prime factors of 3047670056?
2, 41, 661, 14057
List the prime factors of 2052727004.
2, 73, 211, 33317
List the prime factors of 2428002031.
7, 13, 26681341
List the prime factors of 350342549.
73, 4799213
List the prime factors of 337746569.
61, 5536829
List the prime factors of 852241777.
852241777
What are the prime factors of 472263?
3, 11, 1301
What are the prime factors of 1377950825?
5, 967, 56999
What are the prime factors of 1946115589?
11, 9787, 18077
List the prime factors of 393180310.
2, 5, 39318031
List the prime factors of 9584370.
2, 3, 5, 109, 977
What are the prime factors of 125879494?
2, 13, 4841519
What are the prime factors of 278393933?
278393933
What are the prime factors of 2961081650?
2, 5, 59221633
List the prime factors of 4033565765.
5, 19, 43, 22963
What are the prime factors of 42681531?
3, 223, 63799
What are the prime factors of 1965576511?
1965576511
What are the prime factors of 39401022?
2, 3, 19, 577, 599
What are the prime factors of 386214651?
3, 47, 913037
What are the prime factors of 1615795423?
11, 31, 4738403
List the prime factors of 190363640.
2, 5, 23, 206917
List the prime factors of 857835688.
2, 107229461
What are the prime factors of 97726431?
3, 11, 277, 10691
What are the prime factors of 125648222?
2, 7, 83, 108131
List